l/(-3) + -1. Suppose 3*w - 2*k = -z*w + 167, -5*w = -5*k - 280. What are the prime factors of w?
5, 11
Suppose 5*h - 50 = -3*d + 4*d, h + 5*d = 36. Suppose -12*c = -h*c - 80. List the prime factors of c.
2, 5
Let o(k) = -43*k**3 + 44*k**3 + 8*k**2 - 3*k**2 + 14*k + 12*k**2 - 8. Let v be 8*3*10/(-15). What are the prime factors of o(v)?
2, 3
Let u(f) = -2*f**3 + 7*f**2 + 3*f + 98. List the prime factors of u(-8).
2, 773
Let r be 2 + 0 + 2 + -2. Suppose 0 = -5*y - 4*p + 15 - 5, 0 = r*p. Suppose -3*s = -5*a + 84 + 98, -72 = -y*a + 2*s. List the prime factors of a.
37
Suppose 2*b - 5*p = -3*b + 11390, -5*p = 3*b - 6858. What are the prime factors of b?
2281
Let s = -608 - -406. Let w = 72 - s. What are the prime factors of w?
2, 137
Let u = 48 + -42. Let y(n) = -n. Let f(l) = 4*l + 14. Let a(p) = f(p) + 5*y(p). What are the prime factors of a(u)?
2
Suppose -3*n + 19 = 1. Suppose -u + 24 - 4 = 4*p, 3*p + 3*u = n. Suppose -3*h + 2*h = -p. What are the prime factors of h?
2, 3
Suppose 5*f - 5*v - 1795 = 0, -4*f + 1089 = -f + 3*v. What are the prime factors of f?
19
Let c(w) = 8*w**3 + 1. Let n be c(1). Suppose -3*g = -54 + n. List the prime factors of g.
3, 5
Suppose 0 = 44*s - 43*s - 266. What are the prime factors of s?
2, 7, 19
Let t be (-2)/(-3)*27/18. Let y be (t/2)/((-2)/(-300)). Let x = y - 47. What are the prime factors of x?
2, 7
Let b(i) = -10*i**2 + 4*i + 5. Let q(x) = -21*x**2 + 9*x + 11. Let l(o) = -13*b(o) + 6*q(o). List the prime factors of l(-5).
7, 13
Suppose -8*l - 2 - 14 = 0. What are the prime factors of -35*(-1)/(3 + l)?
5, 7
Suppose -15*z + z + 1470 = 0. Suppose -106*h + 130 = -z*h. What are the prime factors of h?
2, 5, 13
Let z(c) = -25*c. Let i(r) = -5*r - 4*r + 4 + 2*r + 6*r. Let y be i(5). List the prime factors of z(y).
5
Suppose 25*a = 30*a - 20. Suppose -a*d + 59 = -285. What are the prime factors of d?
2, 43
Suppose b + 59 = 29. Let r = b + 111. What are the prime factors of r?
3
Let c = 993 - 525. Suppose 3*o - c = -114. What are the prime factors of o?
2, 59
Let i(g) be the second derivative of -g**3 - g**2/2 + 3*g. Let c be i(-1). Suppose 2*v - 4*n + 2*n = 26, c*v + 4*n = 92. List the prime factors of v.
2
Suppose -5*d = -4*x + 3*x - 3955, 2*d - 1605 = 5*x. What are the prime factors of d?
2, 5, 79
Suppose j - 2658 = -4*x, 0 = -3*x + j + 2*j + 1986. What are the prime factors of x?
2, 83
Let b(y) = -3*y - 5. Let d be b(-4). Suppose 6*m - d*m = 0. Suppose m = -3*h + 26 + 16. List the prime factors of h.
2, 7
Suppose 4*t = 4*w - 2856, -5*w + 2762 = 5*t - 788. What are the prime factors of w?
2, 89
Let k(r) = 0 + 48*r - 3 + 1. Let w(t) = -t**3 - 5*t**2 + 8*t + 13. Let h be w(-6). What are the prime factors of k(h)?
2, 23
Suppose -h + 4 = 1. Suppose 9*r = h*r + 66. List the prime factors of r.
11
Suppose 12*t - 160 = 8*t. Suppose t + 47 = v + 2*d, 4*v - 333 = -5*d. List the prime factors of v.
7, 11
Let j be (-4)/(1/2*-4). Suppose -5*x + j + 13 = 0. Suppose 2*y = x*r - 39, 0 = 5*r + y - 18 - 60. What are the prime factors of r?
3, 5
Let a(p) = -100*p - 4. Let y(o) = -5*o - 3. Let u be y(0). What are the prime factors of a(u)?
2, 37
Let q(o) = 5*o**2 - 2*o + 1. Let v(u) be the third derivative of u**5/60 - 5*u**2. Let p(y) = q(y) - 4*v(y). What are the prime factors of p(-3)?
2
Let a = -996 + 2455. What are the prime factors of a?
1459
Let i(v) = 0*v + 14*v**2 - 10*v + 12 - 4*v + 4*v**3 - 3*v**3. Let w be i(-15). Let n(b) = 4*b**2 - 5*b - 10. List the prime factors of n(w).
41
Suppose 6*r = r, -5*b + 200 = -4*r. Suppose -11 = d - b. What are the prime factors of d?
29
Suppose -p - 18 = -2*h - 2*h, 4*h + 3*p - 26 = 0. Suppose -h*v - 395 = -10*v. What are the prime factors of v?
79
Let o = -870 - -2020. What are the prime factors of o?
2, 5, 23
List the prime factors of ((-53)/2 + -2)*(-16)/6.
2, 19
Let n(a) = -79*a**3 - 2*a**2 - 2*a + 4. List the prime factors of n(-2).
2, 79
Suppose 0 = 13*t - 2233 - 12717. Suppose 3*p - 674 = 5*q, -5*p - 4*q + t = -7*q. List the prime factors of p.
233
Let i be 3*(-7)/(105/1040). Let l = i - -309. List the prime factors of l.
101
Suppose 0 = -5*f, 3*y + 3*f = y - 4. Let b(v) = v**3 + 3*v**2 - 2*v - 2. Let t be b(y). List the prime factors of -2 - (-2 - -4 - t).
2
Let m = -35 + 68. Let k = 61 - m. List the prime factors of k.
2, 7
Let q be -6 + 7 - (1 - -1 - 4). Suppose 3*n - 133 = 4*c + 298, -310 = -2*n - q*c. What are the prime factors of n?
149
Suppose -3 = -2*d + l, 2*d + 4*l = d + 24. Suppose 342 = 3*m - 3*o, d*m + 5*o - 440 = o. What are the prime factors of 1/(-4*(-2)/m)?
2, 7
Suppose -2*r + 6 + 2 = -v, 4 = 2*r + v. Suppose -24 = -r*z + 45. What are the prime factors of z?
23
Let y(k) = 62*k - 49. List the prime factors of y(9).
509
List the prime factors of (56436/(-48))/(-1) - 3/4.
5, 47
Suppose 5*q - 3*q - 6 = 0, q - 162 = -l. List the prime factors of l.
3, 53
Let x be -14 - 3*4/6. Let a = -11 - x. Suppose -b - 90 = -3*b + q, b - 27 = a*q. List the prime factors of b.
47
Suppose 0 = -6*k - 23 + 107. Suppose -k*h + 661 = -375. What are the prime factors of h?
2, 37
Suppose 0 = 2*q - 0 + 6, -d - 2*q = -1515. What are the prime factors of d?
3, 13
Suppose 2*p = 5*z + 218, -3*z - 5*p - 190 = 2*z. Let o = z + 116. What are the prime factors of o?
2, 37
Suppose -j = 5*y - 1892, 3*j + 1146 = 7*y - 4*y. List the prime factors of y.
379
What are the prime factors of ((-88)/16)/11*-82?
41
Suppose 0 = 2*c + 5*d - 3362, 2*c = 3*c - d - 1667. List the prime factors of c.
3, 557
Let d(k) = -k**2 - 167*k + 239. List the prime factors of d(-54).
17, 373
Let n(t) = -t**3 - 7*t**2 - 2*t - 4. Let h(d) = -2*d**2 + 2*d - 3. Let j be h(2). Let a be n(j). Suppose -r = 4*r - a. What are the prime factors of r?
2
Let k be (2 + 1 + -2)*5. Suppose 143 = 3*m + h, -3*m - k*h + 157 = 18. List the prime factors of m.
2, 3
Let y be (-20)/5 + 16*1. Let p(q) = 2*q**2 - 16*q - 22. List the prime factors of p(y).
2, 37
Let p(y) = -y**3 - 11*y**2 - 11*y + 9. Let f be p(-10). Suppose l - 29 = f. Suppose 6*v - l = 2*v. What are the prime factors of v?
2, 3
Suppose 0 = -u + 112 - 32. What are the prime factors of u?
2, 5
Let f(b) = -9 + 8 - b + 2. Let h be f(1). Suppose 7*q - 5*q - 62 = h. What are the prime factors of q?
31
Suppose 4*b + b - 2*f + 135 = 0, 4*b + 126 = -2*f. Let m = 105 + b. List the prime factors of m.
2, 19
Let j = -10 - -10. Let a = -30 + 13. Let s = j - a. List the prime factors of s.
17
Let z = -2 + 8. Suppose -276 = -z*a + 564. What are the prime factors of a?
2, 5, 7
Suppose 2*l - 2876 = -3*f, -17*l + 3*f - 4314 = -20*l. List the prime factors of l.
2, 719
Let c(m) = -667*m - 435. What are the prime factors of c(-4)?
7, 11, 29
Let x(u) = -2*u**2 + 17*u - 16. Let j be x(7). Suppose j*d = 1022 - 402. List the prime factors of d.
2, 31
Suppose 2*t - 3*t = 2*q - 18, -5*t = -3*q - 103. Suppose 3*x - t = -2*x. Suppose -25 = -x*u + w + 95, -4*u + 5*w + 104 = 0. What are the prime factors of u?
31
Let o(z) = 11*z - z + 17*z. Let r be o(3). Suppose 4*y = -0*h - 3*h + r, -135 = -5*h + 3*y. List the prime factors of h.
3
Suppose 0 = k + 123 - 518. Suppose 0 = 11*x - 16*x + k. What are the prime factors of x?
79
Suppose 0 = 2*y - c + 2*c + 85, 3*c = y + 39. Let j = y + 110. What are the prime factors of j?
2, 17
Suppose h + 5*z + 16 = 0, h + 3*h = -5*z - 4. Suppose -h*x + 132 + 52 = 0. Let r = x - 33. What are the prime factors of r?
13
Suppose 5*o - 9634 = 756. List the prime factors of o.
2, 1039
Suppose 0 = -s + 4*r + 1919, 5*s + 7695 = 9*s + 3*r. What are the prime factors of s?
3, 641
Let v(p) be the third derivative of p**5/15 + 11*p**4/24 - 8*p**3/3 - 12*p**2 + 3*p. What are the prime factors of v(8)?
2, 41
Let v(m) = -2*m**2 + 5*m + 32. Let f(c) = c**2. Let t(p) = 3*f(p) + v(p). What are the prime factors of t(-6)?
2, 19
Let i(n) = n**3 - 2*n**2 + 3*n + 6. Let q = 9 + -4. What are the prime factors of i(q)?
2, 3
List the prime factors of 8 - (4 + (-5136)/4).
2, 7, 23
Let j = 1274 - -215. List the prime factors of j.
1489
Suppose 0 = 2*m - 5*n - 872, 0*n - 2180 = -5*m + 4*n. Suppose 2*a = -2*c + m, 5*a - 26 + 244 = c. List the prime factors of c.
2, 109
Let u be (-1)/(-3 - 2050/(-684)). Suppose -5*g = g - u. List the prime factors of g.
3, 19
Let g(l) = -2*l**2 + l**2 - 8*l - 12*l + 63 - 9*l. 